e remainder when h(-20) is divided by n?
11
Suppose 57*s = -3*m + 60*s + 453, s - 1 = 0. What is the remainder when m is divided by 53?
46
Let t(w) = -2*w**2 - 67*w + 116. What is the remainder when t(-34) is divided by 17?
14
Let n(i) = i**3 + 10*i**2 - 7*i + 3. What is the remainder when n(-9) is divided by 15?
12
Let b(g) = 81*g + 54. Calculate the remainder when 182 is divided by b(0).
20
Let y = -56 - -61. Suppose 6*c - y*c - 9 = 0. What is the remainder when 16 is divided by c?
7
Let q = 24 - 43. Let t = q - -42. Calculate the remainder when 64 is divided by t.
18
Calculate the remainder when 699 is divided by 58/29*28/8.
6
Let q = 339 + -292. Calculate the remainder when q is divided by 12.
11
Let i = -175 - -100. Let k = i + 205. What is the remainder when k is divided by 22?
20
Let x = -341 + 357. Suppose 48 = 14*q - 10*q. Calculate the remainder when x is divided by q.
4
Let u(i) = i**3 + 4*i**2 - i + 1. Suppose 21 = 13*k - 16*k. What is the remainder when u(-3) is divided by (2/k)/((-13)/182)?
1
Let k(x) = -x**2 + 17*x + 21. Let t be ((57 - -2) + -1)/2. Let w = t - 18. What is the remainder when k(17) is divided by w?
10
Let l(q) = -13*q**3 + 2*q - 1. Let u be l(1). Let y = 34 + u. Calculate the remainder when y is divided by 13.
9
Let b = -49 - -62. Suppose -b*x + 22 = -12*x. Let o(t) = -t**2 - 9*t + 12. Calculate the remainder when x is divided by o(-9).
10
Calculate the remainder when -9 + (-11)/((-66)/2712) is divided by 89.
87
Calculate the remainder when 60/(-10) + -4 - -196 is divided by 51.
33
Suppose -3*a - 2*f - 97 + 402 = 0, 515 = 5*a + 2*f. Calculate the remainder when a is divided by 54.
51
Let x(i) = i**2 - 3*i - 4. Let f be x(9). Let p be (-6)/(-4)*f/15. Suppose 2*t - p*q - 264 = -2*t, -t + 57 = q. What is the remainder when t is divided by 31?
30
Suppose 22*r - 27*r = -70. Calculate the remainder when 52 is divided by r.
10
Let w = 188 - 108. Let m = w + -11. Suppose 0 = x - 6*x + 4*u + m, 0 = 2*x + 4*u - 22. Calculate the remainder when 49 is divided by x.
10
Let x = -13 - -40. Suppose 4*r + x = r. What is the remainder when 16 - (-5)/(15/r) is divided by 7?
6
Calculate the remainder when 260 is divided by 1 - -67 - (-71 - -78).
16
Let p(i) be the second derivative of i**3/2 + 2*i**2 - 12*i. What is the remainder when 27 is divided by p(2)?
7
Suppose 2*u = -40*u + 2352. Let k(r) = r**3 + 6*r**2 - r + 1. What is the remainder when u is divided by k(-3)?
25
Let u(r) = 4*r**2 + 7*r - 1. What is the remainder when 14 is divided by u(-2)?
0
Suppose l - 135 = 4*t - 0*t, 0 = -l + 5*t + 133. Let v = -94 + l. Calculate the remainder when v is divided by 13.
10
Let t(c) = c**2 - 16*c + 51. Calculate the remainder when t(18) is divided by 6/3 + 4 + 3.
6
Suppose -55*q = -23*q - 4192. Calculate the remainder when q is divided by 6.
5
Suppose -4*n + 7*n - 183 = 0. What is the remainder when n is divided by 11?
6
Let r be 6*(9/(-6))/(-3). Suppose -c - 12 = -k - 5*c, -5*c - 2 = -r*k. What is the remainder when 18 is divided by k?
2
Suppose 95*n - 962 = 93*n. Let t = n - 224. Calculate the remainder when t is divided by 43.
42
Calculate the remainder when ((-51)/(-12)*6)/((-36)/(-96)) is divided by 36.
32
Let g(p) = 8*p + 5. Let s be g(2). Suppose 17*j - 20*j = -s. Calculate the remainder when 7 is divided by j.
0
Let g be (0 - 12/4) + -4. Let r = 20 + g. What is the remainder when r is divided by 9?
4
Let r(h) = -h**3 - 2*h**2 + h - 3. Let b be r(-3). Suppose b*o = -27 - 18. Let i = -1 - o. Calculate the remainder when 53 is divided by i.
11
Let f(x) = 8*x**2 + x + 2. Suppose -1 = -2*c + 3*c. What is the remainder when (-1)/4 + (-282)/(-8) is divided by f(c)?
8
Let u be 14/10 - 6/(-10). Suppose 54 = u*a - 32. Let y = 24 - 1. Calculate the remainder when a is divided by y.
20
Suppose -5*u + 34 = -3*s, 5*s = -7*u + 4*u. Let w(p) = p**3 - 5*p**2 - 6*p + 6. Let n be w(u). What is the remainder when 9 is divided by (13/39)/((-2)/n)?
1
Let p(d) = d**3 + 7*d**2 + 5*d - 10. Let l be p(-7). Let u = l - -85. What is the remainder when 78 is divided by u?
38
Let q(d) = d**2 + 12*d + 48. Suppose 4*a + a = 60. What is the remainder when q(-9) is divided by a?
9
Let x = 122 - 99. What is the remainder when 110 is divided by x?
18
Suppose 4*c = 2*c + 6. Let n(k) = 11*k - 30. What is the remainder when 11 is divided by n(c)?
2
Let p(k) = 2*k**3 + 2*k**2 + 6*k - 11. Calculate the remainder when p(3) is divided by 24.
7
Let h = -2 + 10. Let g(z) = -4*z**2 - 10*z + 36. Let j(y) = 5*y**2 + 9*y - 37. Let m(u) = 6*g(u) + 5*j(u). What is the remainder when h is divided by m(13)?
3
Suppose -58 = -6*o + 4*o. Let l = -785 + 840. Calculate the remainder when l is divided by o.
26
Let w(q) = -19*q + 26. Let v be w(-6). Suppose 0*d - 4*d + v = 0. Suppose 0 = -x - 0*m - m + 11, 5*m + 41 = 3*x. What is the remainder when d is divided by x?
11
Suppose -19 - 1 = -4*i. Suppose -5*s = -2*j - 8 - 30, 2*s = i*j + 11. Let r = -30 - -60. Calculate the remainder when r is divided by s.
6
Suppose 0 = 4*p + 13 - 5. Calculate the remainder when 22 is divided by p + 13 + (-4 - -1).
6
Let i(f) = -f**3 - 6*f**2 + 8*f - 2. Let m be i(-7). Let p = 7 - m. What is the remainder when 76 is divided by p?
12
Let g(x) = -4*x**3 + 7*x**2 + 5*x - 13. Let s(h) = -h**3 + h. Let p(n) = g(n) - 5*s(n). Calculate the remainder when p(-6) is divided by 5 + (4/(-2))/(-2).
5
What is the remainder when ((-2)/8)/(-5*9/36180) is divided by 12?
9
Let i = 60 - 59. Suppose 75 - i = 2*m. Suppose -2*r + 4*u + 0 + 48 = 0, 5*r - 96 = -2*u. What is the remainder when m is divided by r?
17
Let u be 2/(-3) - 25/3. Let b(j) be the second derivative of -j**5/20 - 3*j**4/4 - j**3/3 - 7*j**2/2 + 17*j. What is the remainder when 21 is divided by b(u)?
10
Calculate the remainder when (4 - 126*-3)*(1 + 0) is divided by 43.
38
Let g(j) = -4*j + 2. Let d = -6 + 1. What is the remainder when 64 is divided by g(d)?
20
Suppose 4*h - r + 3*r + 32 = 0, -3*h + 2 = -5*r. Let u = -5 - 15. Let w = h - u. Calculate the remainder when 54 is divided by w.
12
Suppose 0 = -5*d + 3*m + 208, -4*d + 2*m = -0*m - 168. Suppose 96 + d = 5*p. What is the remainder when p is divided by 16?
12
Let y be (4/10)/((-2)/(-270)). Let n be 18/(-12)*(-4)/2. Suppose 4*l + k = l + y, 0 = -l - n*k + 18. What is the remainder when 70 is divided by l?
16
Suppose 10*h = 7*h + 6. Suppose -2*f = -h*c - 16, -51 + 11 = -3*f - c. Calculate the remainder when 34 is divided by f.
10
Suppose 0 = 6*r - r - 4*p - 280, 2*r - 124 = 4*p. Suppose 30 = 5*s - 25. What is the remainder when r is divided by s?
8
Suppose 4*r + 182 = 2*i, -4*r + 5*r + 350 = 4*i. What is the remainder when i is divided by 48?
39
Let j(t) = 44*t**2 + 6*t - 1. What is the remainder when 49 is divided by j(1)?
0
Let s be (30/21)/(1/7). Suppose 4*i = -5*q + 310, -q = q - 4*i - 96. Suppose -q = -4*x + s. Calculate the remainder when 61 is divided by x.
10
Let y(p) = 5*p + 18. What is the remainder when y(18) is divided by 22?
20
Suppose 135*k + 2733 = 138*k. Calculate the remainder when k is divided by 12.
11
Suppose -c = -5*v + 3*c + 496, 297 = 3*v - 3*c. Suppose 14*n = 4*n + v. Let o = 47 + 0. What is the remainder when o is divided by n?
7
Let l(c) = -c**3 - 7*c**2 - 10*c - 7. Let x = -6 - -4. Let n be 6/(((-8)/(-4))/x). Calculate the remainder when 64 is divided by l(n).
13
Suppose 5*i - 515 = -4*h, -5*h + 695 = -0*h - 4*i. Let j = -86 + h. What is the remainder when 145 is divided by j?
47
What is the remainder when (3/3)/((56/147)/8) is divided by 13?
8
Let g(u) = 111*u - 159. Let v(q) = -7*q + 10. Let l(a) = 2*g(a) + 33*v(a). Calculate the remainder when l(-6) is divided by 14.
10
Let l(w) = -64*w**3 + w**2 - w - 1. Let k be l(-1). Let t = -42 + k. What is the remainder when 89 is divided by t?
20
Let s be (1/(-2))/(2/12). Let h(b) = -b**3 - b**2 + 3*b + 2. Suppose 4*q + 260 = 5*v, -3*v + 2*v = -5*q - 52. Calculate the remainder when v is divided by h(s).
8
Suppose 0 = -3*j - j + 5*a + 25, -4*a - 20 = 3*j. Suppose j = 17*z - 10*z - 28. What is the remainder when 8 is divided by z?
0
Let m(a) = 9*a - 137. Calculate the remainder when 45 is divided by m(17).
13
Suppose 5*f - 6*f = 3. Let c(u) = -2*u**3 + 4*u**2 + 1. Let b be c(f). Let a = -56 + b. What is the remainder when a is divide